
Is 5228687 a prime number?
True
Is 4066197 a composite number?
True
Is 17012251 prime?
False
Is 2158853 a composite number?
True
Is 15361153 composite?
False
Is 2398399 a prime number?
False
Is 91004839 a prime number?
True
Is 1557953 composite?
True
Is 4434357 a composite number?
True
Is 57677707 a composite number?
False
Is 77046119 composite?
False
Is 7629935 composite?
True
Is 11252261 composite?
True
Is 3241331 a composite number?
True
Is 101545901 a prime number?
True
Is 2865239 a prime number?
False
Is 41707531 composite?
False
Is 44595553 a composite number?
False
Is 21623221 a composite number?
False
Is 5863901 a prime number?
False
Is 153229051 a prime number?
True
Is 129398663 a composite number?
True
Is 349787 composite?
False
Is 3759583 prime?
False
Is 24258343 prime?
True
Is 12332521 a prime number?
True
Is 137129863 a composite number?
True
Is 7187371 a prime number?
False
Is 221934243 a composite number?
True
Is 11777419 a prime number?
True
Is 150060769 a composite number?
False
Is 61218667 a composite number?
False
Is 119061427 a prime number?
True
Is 12256207 a prime number?
True
Is 558437 a composite number?
True
Is 301106723 a prime number?
False
Is 13153391 a composite number?
False
Is 490347691 a composite number?
False
Is 121443899 a composite number?
True
Is 8059 a composite number?
False
Is 213077 prime?
False
Is 8113169 a prime number?
False
Is 6791051 composite?
False
Is 12564589 a prime number?
False
Is 278868589 a composite number?
True
Is 15517093 a prime number?
True
Is 5209441 a prime number?
True
Is 132834929 prime?
True
Is 9363823 composite?
True
Is 235490534 a prime number?
False
Is 130431179 prime?
False
Is 43824019 a composite number?
False
Is 3529087 prime?
True
Is 42494429 composite?
False
Is 4621679 composite?
False
Is 4834969 a prime number?
False
Is 587089 prime?
False
Is 65570963 composite?
True
Is 134421271 a prime number?
True
Is 335779 a composite number?
True
Is 37056683 prime?
True
Is 39971431 composite?
True
Is 91717214 a prime number?
False
Is 32805821 a prime number?
False
Is 19339241 a composite number?
False
Is 76903213 a prime number?
False
Is 301214323 prime?
True
Is 1831169 a composite number?
False
Is 42537389 a composite number?
True
Is 295780403 a composite number?
False
Is 4940791 a prime number?
False
Is 21124607 prime?
False
Is 28466683 a composite number?
True
Is 2405927 composite?
True
Is 77614529 composite?
True
Is 43192297 prime?
False
Is 18609313 composite?
True
Is 79862959 a composite number?
True
Is 87931 composite?
False
Is 15592001 composite?
False
Is 531661083 a composite number?
True
Is 17361467 a prime number?
True
Is 84230213 a prime number?
True
Is 421247837 prime?
True
Is 120114473 prime?
True
Is 6353093 a composite number?
False
Is 8075161 a prime number?
False
Is 2432183 a prime number?
False
Is 126753953 composite?
False
Is 9871493 a prime number?
False
Is 117930341 a composite number?
False
Is 882246667 a composite number?
False
Is 6044201 a prime number?
False
Is 6387671 a composite number?
True
Is 694433291 a prime number?
True
Is 20286901 a composite number?
True
Is 488666881 a composite number?
True
Is 3139811 a composite number?
False
Is 1116809 a prime number?
True
Is 2629687 a prime number?
True
Is 736607 a prime number?
True
Is 58334165 a composite number?
True
Is 1574323 a composite number?
True
Is 20849 a composite number?
False
Is 74189803 a prime number?
True
Is 5074573 a prime number?
False
Is 48549953 prime?
True
Is 77585642 a prime number?
False
Is 14272019 a prime number?
True
Is 513697 a composite number?
False
Is 6678173 composite?
False
Is 471730247 prime?
True
Is 1858307 a composite number?
True
Is 297610483 a prime number?
False
Is 43057037 a composite number?
True
Is 138811153 a composite number?
True
Is 200731459 composite?
True
Is 1121621 a composite number?
False
Is 7174639 composite?
False
Is 13238755 a prime number?
False
Is 7879147 a prime number?
True
Is 35648527 composite?
False
Is 10844893 prime?
True
Is 9643483 prime?
True
Is 9064829 prime?
False
Is 10277779 composite?
False
Is 6846779 composite?
True
Is 1109113 a prime number?
True
Is 11370097 a prime number?
False
Is 1137155 composite?
True
Is 33342481 composite?
False
Is 287449181 a prime number?
True
Is 1667177 a composite number?
True
Is 11018027 a prime number?
True
Is 22519957 prime?
True
Is 20011 a prime number?
True
Is 500153 prime?
True
Is 407783 a prime number?
True
Is 138596253 composite?
True
Is 10022762 a composite number?
True
Is 5590889 composite?
False
Is 17242829 a prime number?
True
Is 15430449 a prime number?
False
Is 39333989 a prime number?
True
Is 16929194 prime?
False
Is 1276511 a composite number?
False
Is 168876341 a composite number?
True
Is 2122818221 prime?
True
Is 8407837 a composite number?
False
Is 6785507 a prime number?
False
Is 1804481 composite?
True
Is 958091 a composite number?
True
Is 114912079 composite?
True
Is 781177627 prime?
True
Is 1067179 a composite number?
False
Is 19205591 a prime number?
True
Is 22487603 prime?
True
Is 1197445 a prime number?
False
Is 1812513 a composite number?
True
Is 852949 a prime number?
False
Is 15282265 a composite number?
True
Is 23722519 a prime number?
False
Is 480977 composite?
True
Is 15863633 a composite number?
False
Is 10254065 composite?
True
Is 4824591 composite?
True
Is 3957671 a prime number?
True
Is 90283171 composite?
True
Is 402929 a prime number?
False
Is 4899121 prime?
True
Is 1622549 composite?
False
Is 120218083 a prime number?
True
Is 18995713 prime?
False
Is 7065629 composite?
False
Is 4399289 composite?
False
Is 4905907 composite?
True
Is 34464229 composite?
False
Is 6837029 prime?
True
Is 592681 a composite number?
False
Is 25843847 a prime number?
True
Is 1207331 a composite number?
False
Is 5618437 composite?
True
Is 140128123 composite?
False
Is 167154739 composite?
True
Is 342907801 a prime number?
False
Is 629611 prime?
True
Is 6378223 a composite number?
True
Is 20707847 prime?
True
Is 7685885 prime?
False
Is 9480833 composite?
True
Is 14737769 composite?
False
Is 26040673 a composite number?
False
Is 3630497 a prime number?
False
Is 220459777 a prime number?
True
Is 5301649 a prime number?
False
Is 124481 prime?
False
Is 2204313 composite?
True
Is 2498593 prime?
True
Is 36494515 a prime number?
False
Is 5021603 composite?
True
Is 11869801 a prime number?
False
Is 4631863 composite?
False
Is 42149 prime?
False
Is 8930749 a prime number?
True
Is 30063563 a composite number?
False
Is 2576081 a composite number?
False
Is 2950001 prime?
True
Is 29399 a composite number?
False
Is 395727713 prime?
True
Is 44387383 composite?
True
Is 610763 a composite number?
False
Is 4311589 prime?
False
Is 37195547 a prime number?
False
Is 6752617 composite?
False
Is 14830451 a prime number?
False
Is 77181883 prime?
True
Is 1029643 prime?
True
Is 834915719 a prime number?
False
Is 393433 a prime number?
False
Is 678959 a composite number?
False
Is 58430891 a composite number?
False
Is 2349539 prime?
False
Is 1645879 a composite number?
False
Is 34321751 prime?
True
Is 56842417 a prime number?
False
Is 50882497 a composite number?
True
Is 7931771 a prime number?
True
Is 24930973 a prime number?
True
Is 797353 a composite number?
False
Is 3973787 prime?
True
Is 26055671 a composite number?
True
Is 12372887 a prime number?
True
Is 202049 a composite number?
False
Is 153944417 composite?
True
Is 612160099 a composite number?
False
Is 3299017 composite?
False
Is 21132481 prime?
True
Is 456766 composite?
True
Is 45594803 prime?
False
Is 270162151 a composite number?
True
Is 1887689 composite?
True
Is 4981091 composite?
False
Is 106397803 a prime number?
True
Is 14819539 prime?
False
Is 249606113 a prime number?
True
Is 4559491 a composite number?
False
Is 18967577 prime?
False
Is 33733453 composite?
True
Is 37170833 prime?
False
Is 795931589 composite?
False
Is 146191039 a prime number?
True
Is 20131985 prime?
False
Is 6978047 a composite number?
False
Is 6847079 a prime number?
False
Is 53847329 composite?
True
Is 89062 a composite number?
True
Is 135497 a composite number?
False
Is 3392111 prime?
True
Is 18221743 a composite number?
False
Is 22971367 a prime number?
True
Is 517556931 composite?
True